1836 = -204*b. Let a = b - u. Give l(a).
22
Let i(u) be the second derivative of u**2 + 0 + 19*u - 1/6*u**3. Give i(-5).
7
Let x(f) = f**3 - 24*f**2 - 101*f + 1257. Let m be x(26). Let s(g) = -2*g**2 - 35*g - 35. Give s(m).
-18
Let x(h) be the first derivative of -h**3/3 - 5*h**2 + 10*h - 3200. Give x(-11).
-1
Suppose -34 = 13*u - 8. Let z be (15*7/(-42))/(u/4). Let b(x) = x**3 - 4*x**2 - 5*x - 4. What is b(z)?
-4
Let d(h) = -2*h + 3. Let k be d(3). Let n(s) = -3*s - 110. Let z(c) = 7*c + 239. Let q(m) = 13*n(m) + 6*z(m). Determine q(k).
-5
Let o(q) = q - 4. Let k be 80/(-32)*6/(-3). Suppose -r + 11 = -3*g + g, g + 55 = k*r. What is o(r)?
7
Let u be 39/(-13) - -15 - 9. Let g(w) = -w**2 - 4*w + 1. What is g(u)?
-20
Let m(t) = 10 - 72*t + 69*t - 26 + 18. Determine m(5).
-13
Let c(z) be the first derivative of z**4/4 - 4*z**3/3 + 3*z**2/2 + 143. Give c(4).
12
Suppose 0 = -38*z + 390 + 28. Suppose -z*s = -0*s. Let q(o) = -o**3 + o**2 - 3*o + 1. Give q(s).
1
Let w(s) be the third derivative of s**6/60 - s**5/15 - s**4/8 + 2*s**3/3 + 128*s**2 + 6*s. Calculate w(-2).
-22
Let h(t) = 1075*t - 5375. Let k be h(5). Let w(f) = 13*f - 4. What is w(k)?
-4
Let f be 0 + (-2 + 1)*-1. Let o(h) = 10*h - 1. Let t(g) = 9 + 22*g - 12 + 0. Let v(x) = -5*o(x) + 2*t(x). What is v(f)?
-7
Suppose 187*i = 252*i + 715. Let l be 15*-1*(-4)/6. Let c(h) = 20*h + h**3 - l*h - 10*h**2 - 2*h**3 - 10. Calculate c(i).
1
Let h(b) = -19. Let w(z) = -z**2 + 5*z - 45. Let m(p) = -2*h(p) + w(p). Suppose 0 = 3*l + 4*q - q - 6, 0 = 5*l - 2*q - 38. What is m(l)?
-13
Let r be 1/(-3) + (-255)/45. Let a be 6 + r + (-2 - 2). Let z(y) = 2*y**2 + 5 + 7*y - 1 + 0. Give z(a).
8
Suppose -h = 5*o - 52 + 8, 5*h = -5*o + 40. Suppose o*d = -47 - 7. Let z(c) = -c**3 - 6*c**2 - c + 8. Calculate z(d).
14
Let q(w) = -w**3 + 4*w**2 + 4*w - 12. Let t be q(6). Let d be 4/8*t/(-2 + -1). Let a(x) = -17*x - d*x + x**2 + 22*x + 6. Determine a(5).
6
Let j(k) be the third derivative of 0*k - 125*k**2 + 0 + 0*k**3 + 23/24*k**4. Let a be (0 - (-1 - 0))*1. Determine j(a).
23
Let f(c) = 2*c + 5. Let b = 37 + -35. Suppose 10*i + b - 22 = 0. Suppose 26 = -5*g - i*j, -4*g + 4*j = -2*g - 4. Give f(g).
-3
Let r(q) = 3*q. Let o(f) = -16*f - 48. Let m(v) = -o(v) - 4*r(v). Let h be m(-12). Let n(u) = u + 2. What is n(h)?
2
Let t(y) be the third derivative of y**5/60 - 17*y**4/24 - 20*y**3/3 - 157*y**2. Calculate t(19).
-2
Let h(s) = -s**3 + 6*s**2 - 28*s + 113. Suppose -2 = -q + 3*t + 9, -3*q = t - 13. Give h(q).
-2
Let j(i) = i - 3. Suppose 2*s = -24 + 38. Let l(a) = 3*a - 14. Let q be l(s). Give j(q).
4
Suppose 1171 = 6*c - 1127. Suppose c = 7*i + 348. Let l(p) = p**2 - 2*p + 2. Let n(r) = -2*r**2 + 3*r - 4. Let u(o) = -5*l(o) - 2*n(o). What is u(i)?
-7
Let v(n) be the first derivative of -n**2/2 - 65*n + 3244. Determine v(-24).
-41
Let q(t) = t**2 - 6*t - 43. Let b(m) = 2*m**2 - 14*m - 89. Let a(y) = -3*b(y) + 7*q(y). Calculate a(-6).
2
Let d = 422592 + -422587. Let f(o) be the second derivative of -o**4/12 - o**3/6 + 3*o**2 - 2*o. Give f(d).
-24
Let u(b) = -56*b - 107. Let f be u(-2). Suppose -f*h - 108*z + 104*z - 49 = 0, 4*h - 2*z = -34. Let n(p) = p + 4*p - 4*p + 20. Give n(h).
11
Suppose 867*j - 7 = 868*j, 2*j + 17 = 3*b. Let x(a) = -35*a**3 + 2*a**2 - 3*a + 2. Give x(b).
-34
Let k be (-6)/5 + 3 + (-3 - (-48)/15). Let b(h) be the first derivative of -1/2*h**2 - k*h - 9 - 1/4*h**4 - 1/3*h**3. What is b(0)?
-2
Suppose 4*d - 150 = 2*g, -6*g + 3*g = 9. Let t = d + -38. Let u(k) = -3*k**2 - 3*k - 3. What is u(t)?
-9
Let n(r) = -r**3 - 2*r**2 + 6*r + 4. Suppose 0 = -13*m + 12 + 1. Let c be 9*((-3)/9)/m. Calculate n(c).
-5
Let l(o) be the second derivative of o**4/12 - 2*o**3/3 + 3*o - 155. Let d be (-1 + 1)*(0 + -1). Suppose 0 = -d*v - v + 5. Determine l(v).
5
Let v be (13/5 - 4/(-10)) + 0. Suppose h + 4*c + 3 = -11, 2*h + v = -3*c. Let k(z) = -34 - z + h + 13. Calculate k(0).
-15
Let j be 6 - (-3 - -13) - -6. Let a(w) = -10*w - 548*w**2 + 1095*w**2 - 548*w**j + 6. Give a(-11).
-5
Let x(t) be the second derivative of -t**3 + 13*t**2 + 11432*t. Determine x(5).
-4
Let h(j) = -j**3 - 10*j**2 - 22*j - 9. Let b(n) = -n**3 + 51*n**2 - 145*n + 41. Let m be b(48). Give h(m).
-2
Suppose 5*x + 4*u - 48 = 0, -12*x + 3*u = -8*x - 26. Let d(r) = r**2 - 6*r + 2. Determine d(x).
18
Let m(v) = v**2 - 2*v + 5. Let k(u) = -4*u**2 + 10*u - 24. Let w(o) = 3*k(o) + 14*m(o). Let j = -13357 - -13354. What is w(j)?
10
Let m(p) = 3*p**2 + p - 7. Let h(u) = u**2 - 2. Suppose -38*n = -39*n + 4. Let k(b) = n*h(b) - m(b). Determine k(-3).
11
Let u(r) = -r**3 + 2*r**2 - 13. Suppose 0 = c + 4*i + 8, 2*i - 14 + 28 = -3*c. What is u(c)?
83
Suppose 5 = 5*o + 5*s, o - s + 3 = -0*s. Let h(y) = -4*y**2 - 4*y - 3. Let l(q) = q**2 + q + 1. Let x(t) = o*h(t) - 6*l(t). Give x(-4).
-27
Suppose -3*o - 3*p = -9, -4*o - 62*p + 18 = -57*p. Let f(s) = 12*s + 47. What is f(o)?
11
Let b(n) = -154*n**2 + 7*n - 29. Let g(q) = -744*q**2 + 34*q - 144. Let d(w) = 29*b(w) - 6*g(w). Calculate d(-7).
-68
Let m(a) = 16*a - 151. Let o(u) = u**2 - 853*u + 2559. Let n be o(3). Determine m(n).
-7
Let f(k) be the second derivative of 3*k**3/2 - 3*k**2/2 + 2*k + 25. Determine f(2).
15
Let n(o) be the second derivative of -o**4/6 + 3*o**3 - 9*o**2 + 12*o. Let q be n(10). Let i be (-4)/(-7) - 3/21*q. Let p(h) = 2*h. Determine p(i).
12
Let w(z) = 11*z**2 - z + 2. Suppose 4 = -2*n + g, 13*n = 18*n - 5*g + 10. Give w(n).
48
Let a(k) = 18*k - 276. Let b be a(15). Let g(o) = -o**3 - 4*o**2 + 13*o + 9. Calculate g(b).
3
Let k(d) be the third derivative of -d**5/60 - 5*d**4/12 + 25*d**3/3 + 107*d**2 + 15*d. What is k(-12)?
26
Let h(j) = 3*j**3 - 1 - 5*j**3 + 0*j + j. Suppose 0 = -60*p + 57*p + 2*w - 6, -3*w = -4*p - 8. Determine h(p).
13
Let s be (5/3)/(28/504). Suppose -10 = 5*r, 4*o - s = 9*r - 4*r. Let c(f) = -2*f + 6. Calculate c(o).
-4
Let m(d) = 291276*d + 6 + 9 - 291274*d - d**2. What is m(5)?
0
Let m(u) = -u**3 - 8*u**2 - 14*u - 8. Let r(x) = -x**2 + x + 1. Let t(h) = m(h) + 3*r(h). Suppose 3*a = 6*a + p + 26, 3*a + 10 = -5*p. What is t(a)?
5
Let g(l) = 20*l**2 - l + 1. Let n(f) = -131*f**2 + 37*f - 20. Let s(u) = 7*g(u) + n(u). Calculate s(-4).
11
Suppose -27*p + 24*p + 30 = 0. Let t(l) = -75*l**3 + 12*l + 2 - p*l**2 + 0*l**2 - 74*l**3 + 148*l**3. Determine t(-11).
-9
Suppose 5*m = 5*p - 15, -1777*m = -1779*m + 12. Let u(o) be the first derivative of -o**2/2 + 9*o + 19. Give u(p).
0
Let v(l) be the third derivative of 1/2*l**3 - 148*l**2 + 0*l + 0 + 1/6*l**4 + 1/60*l**5. Calculate v(-3).
0
Let d(r) be the third derivative of r**6/30 - r**5/60 + r**4/24 + r**2. Suppose -6386*p = -v - 6381*p - 59, -7*v + 3*p = 29. Calculate d(v).
4
Suppose 890 = 146*k + 15*k + 17*k. Let h(r) = -r + 18. Give h(k).
13
Let w(r) = 2*r**3 - r**2 + r + 1. Let o be (-3)/(-2)*(-32)/(-48). Let x be 1*(o + 0 + (-12 - -8)). Let s be (-8)/(-10)*(-5)/(-2) + x. Determine w(s).
-3
Let t(d) = d**2 - 2*d + 5 + d + 11*d. Suppose 5*j = -4*w - 21, 3*w - 6*j = -2*j - 8. Calculate t(w).
-19
Let o(s) = -6*s - 2 + s**2 + 7 + 1. Suppose 31*p + 251 - 1491 = 0. Let n be -30*(p/(-25))/8. Determine o(n).
6
Let m = 469 - 463. Let c(h) = -6 + 6*h - h**3 + 0 + h**2 + 6 - m*h**2. Determine c(-6).
0
Let g(j) = j + 43. Let q = -660 + 646. Give g(q).
29
Let i(c) = -4*c**3 - c. Let m = 463 - 460. Let o be -3 - (-7 - (-9)/m). Determine i(o).
-5
Let r(t) be the third derivative of -t**6/24 - t**4/24 + 2*t**2. Let k = 181 + -183. Let s be (13/(-39))/(k/(-6)). Give r(s).
6
Suppose -202*m + 2108 = 290. Let f(v) = 2*v**3 - 15*v**2 - 28*v + 4. Give f(m).
-5
Suppose 2*u - 20*v = -19*v + 20, 3*u - 4*v - 55 = 0. Let m(g) be the second derivative of g**5/20 - g**4/3 - g**3 - 3*g**2 - 2*g. Give m(u).
-11
Let q(u) be the second derivative of -u**5/20 - u**4/6 + u**3/3 - 2*u**2 - 192*u. Suppose -2*b = -0*b + 30. Let h = b + 12. Calculate q(h).
-1
Let x(t) be the first derivative of -t**3/3 - t**2/2 + 2*t - 2. Let p(j) = j**3 - 47*j**2 + 40*j + 273. Let f be p(46). Give x(f).
-4
Let a(i) be the first derivative of 17 + 1/2*i**2 + 4/3*i**3 - i. Calculate a(2).
17
Let w(m) = m**3 - 16*m**2 + 2*m - 33. Let i = -226 + 242. Let b be w(i). Let j(s) = 11*s**2 + s. What is j(b)?
10
Let i(s) = -38 + s**3 - 11276*s**2 + 5626*s**2 + 5626*s**2. Determine i(24).
